{"id":45,"date":"2024-02-28T00:13:09","date_gmt":"2024-02-27T21:13:09","guid":{"rendered":"https:\/\/parlakgroup.com.tr\/stok-sayim\/?page_id=45"},"modified":"2024-05-28T00:25:37","modified_gmt":"2024-05-27T21:25:37","slug":"hakkimizda","status":"publish","type":"page","link":"https:\/\/parlakgroup.com.tr\/stok-sayim\/hakkimizda\/","title":{"rendered":"Hakk\u0131m\u0131zda"},"content":{"rendered":"\t\t<div data-elementor-type=\"wp-page\" data-elementor-id=\"45\" class=\"elementor elementor-45\" data-elementor-post-type=\"page\">\n\t\t\t\t\t\t<section class=\"elementor-section elementor-top-section elementor-element elementor-element-31537fd3 elementor-section-boxed elementor-section-height-default elementor-section-height-default\" data-id=\"31537fd3\" data-element_type=\"section\" data-settings=\"{&quot;background_background&quot;:&quot;classic&quot;}\">\n\t\t\t\t\t\t\t<div class=\"elementor-background-overlay\"><\/div>\n\t\t\t\t\t\t\t<div class=\"elementor-container elementor-column-gap-default\">\n\t\t\t\t\t<div class=\"elementor-column elementor-col-100 elementor-top-column elementor-element elementor-element-4ac2247a\" data-id=\"4ac2247a\" data-element_type=\"column\">\n\t\t\t<div class=\"elementor-widget-wrap elementor-element-populated\">\n\t\t\t\t\t\t<div class=\"elementor-element elementor-element-53da784b elementor-invisible elementor-widget elementor-widget-heading\" data-id=\"53da784b\" data-element_type=\"widget\" data-settings=\"{&quot;_animation&quot;:&quot;fadeInUp&quot;}\" data-widget_type=\"heading.default\">\n\t\t\t\t<div class=\"elementor-widget-container\">\n\t\t\t<style>\/*! elementor - v3.21.0 - 08-05-2024 *\/\n.elementor-heading-title{padding:0;margin:0;line-height:1}.elementor-widget-heading .elementor-heading-title[class*=elementor-size-]>a{color:inherit;font-size:inherit;line-height:inherit}.elementor-widget-heading .elementor-heading-title.elementor-size-small{font-size:15px}.elementor-widget-heading .elementor-heading-title.elementor-size-medium{font-size:19px}.elementor-widget-heading .elementor-heading-title.elementor-size-large{font-size:29px}.elementor-widget-heading .elementor-heading-title.elementor-size-xl{font-size:39px}.elementor-widget-heading .elementor-heading-title.elementor-size-xxl{font-size:59px}<\/style><h1 class=\"elementor-heading-title elementor-size-default\">Firma Profilimiz<\/h1>\t\t<\/div>\n\t\t\t\t<\/div>\n\t\t\t\t<div class=\"elementor-element elementor-element-e41809d elementor-icon-list--layout-inline elementor-align-center elementor-list-item-link-full_width elementor-widget elementor-widget-icon-list\" data-id=\"e41809d\" data-element_type=\"widget\" data-widget_type=\"icon-list.default\">\n\t\t\t\t<div class=\"elementor-widget-container\">\n\t\t\t<link rel=\"stylesheet\" href=\"https:\/\/parlakgroup.com.tr\/stok-sayim\/wp-content\/plugins\/elementor\/assets\/css\/widget-icon-list.min.css\">\t\t<ul class=\"elementor-icon-list-items elementor-inline-items\">\n\t\t\t\t\t\t\t<li class=\"elementor-icon-list-item elementor-inline-item\">\n\t\t\t\t\t\t\t\t\t\t\t<a href=\"\/\">\n\n\t\t\t\t\t\t\t\t\t\t\t\t<span class=\"elementor-icon-list-icon\">\n\t\t\t\t\t\t\t<svg aria-hidden=\"true\" class=\"e-font-icon-svg e-fas-home\" viewBox=\"0 0 576 512\" xmlns=\"http:\/\/www.w3.org\/2000\/svg\"><path d=\"M280.37 148.26L96 300.11V464a16 16 0 0 0 16 16l112.06-.29a16 16 0 0 0 15.92-16V368a16 16 0 0 1 16-16h64a16 16 0 0 1 16 16v95.64a16 16 0 0 0 16 16.05L464 480a16 16 0 0 0 16-16V300L295.67 148.26a12.19 12.19 0 0 0-15.3 0zM571.6 251.47L488 182.56V44.05a12 12 0 0 0-12-12h-56a12 12 0 0 0-12 12v72.61L318.47 43a48 48 0 0 0-61 0L4.34 251.47a12 12 0 0 0-1.6 16.9l25.5 31A12 12 0 0 0 45.15 301l235.22-193.74a12.19 12.19 0 0 1 15.3 0L530.9 301a12 12 0 0 0 16.9-1.6l25.5-31a12 12 0 0 0-1.7-16.93z\"><\/path><\/svg>\t\t\t\t\t\t<\/span>\n\t\t\t\t\t\t\t\t\t\t<span class=\"elementor-icon-list-text\">Anasayfa<\/span>\n\t\t\t\t\t\t\t\t\t\t\t<\/a>\n\t\t\t\t\t\t\t\t\t<\/li>\n\t\t\t\t\t\t\t\t<li class=\"elementor-icon-list-item elementor-inline-item\">\n\t\t\t\t\t\t\t\t\t\t\t<span class=\"elementor-icon-list-icon\">\n\t\t\t\t\t\t\t<svg aria-hidden=\"true\" class=\"e-font-icon-svg e-fas-user\" viewBox=\"0 0 448 512\" xmlns=\"http:\/\/www.w3.org\/2000\/svg\"><path d=\"M224 256c70.7 0 128-57.3 128-128S294.7 0 224 0 96 57.3 96 128s57.3 128 128 128zm89.6 32h-16.7c-22.2 10.2-46.9 16-72.9 16s-50.6-5.8-72.9-16h-16.7C60.2 288 0 348.2 0 422.4V464c0 26.5 21.5 48 48 48h352c26.5 0 48-21.5 48-48v-41.6c0-74.2-60.2-134.4-134.4-134.4z\"><\/path><\/svg>\t\t\t\t\t\t<\/span>\n\t\t\t\t\t\t\t\t\t\t<span class=\"elementor-icon-list-text\">Hakk\u0131m\u0131zda<\/span>\n\t\t\t\t\t\t\t\t\t<\/li>\n\t\t\t\t\t\t<\/ul>\n\t\t\t\t<\/div>\n\t\t\t\t<\/div>\n\t\t\t\t\t<\/div>\n\t\t<\/div>\n\t\t\t\t\t<\/div>\n\t\t<\/section>\n\t\t\t\t<section class=\"elementor-section elementor-top-section elementor-element elementor-element-ef55a6b elementor-section-content-middle elementor-section-boxed elementor-section-height-default elementor-section-height-default\" data-id=\"ef55a6b\" data-element_type=\"section\" data-settings=\"{&quot;background_background&quot;:&quot;classic&quot;}\">\n\t\t\t\t\t\t<div class=\"elementor-container elementor-column-gap-default\">\n\t\t\t\t\t<div class=\"elementor-column elementor-col-50 elementor-top-column elementor-element elementor-element-ef90bc3\" data-id=\"ef90bc3\" data-element_type=\"column\">\n\t\t\t<div class=\"elementor-widget-wrap elementor-element-populated\">\n\t\t\t\t\t\t<div class=\"elementor-element elementor-element-a6ff994 elementor-widget__width-initial elementor-absolute elementor-widget-tablet__width-initial elementor-hidden-tablet elementor-hidden-mobile elementor-invisible elementor-widget elementor-widget-image\" data-id=\"a6ff994\" data-element_type=\"widget\" data-settings=\"{&quot;_position&quot;:&quot;absolute&quot;,&quot;_animation&quot;:&quot;fadeInLeft&quot;}\" data-widget_type=\"image.default\">\n\t\t\t\t<div class=\"elementor-widget-container\">\n\t\t\t<style>\/*! elementor - v3.21.0 - 08-05-2024 *\/\n.elementor-widget-image{text-align:center}.elementor-widget-image a{display:inline-block}.elementor-widget-image a img[src$=\".svg\"]{width:48px}.elementor-widget-image img{vertical-align:middle;display:inline-block}<\/style>\t\t\t\t\t\t\t\t\t\t<img decoding=\"async\" width=\"88\" height=\"88\" src=\"https:\/\/parlakgroup.com.tr\/stok-sayim\/wp-content\/uploads\/2024\/02\/thumb-1.png\" class=\"attachment-large size-large wp-image-174\" alt=\"\" \/>\t\t\t\t\t\t\t\t\t\t\t\t\t<\/div>\n\t\t\t\t<\/div>\n\t\t\t\t<div class=\"elementor-element elementor-element-ddf5552 elementor-widget elementor-widget-image\" data-id=\"ddf5552\" data-element_type=\"widget\" data-widget_type=\"image.default\">\n\t\t\t\t<div class=\"elementor-widget-container\">\n\t\t\t\t\t\t\t\t\t\t\t\t\t<img fetchpriority=\"high\" decoding=\"async\" width=\"800\" height=\"505\" src=\"https:\/\/parlakgroup.com.tr\/stok-sayim\/wp-content\/uploads\/2024\/04\/Magaza-Satis-Destek-Personel-Tedarik-Hizmeti--1024x646.png\" class=\"attachment-large size-large wp-image-371\" alt=\"\" srcset=\"https:\/\/parlakgroup.com.tr\/stok-sayim\/wp-content\/uploads\/2024\/04\/Magaza-Satis-Destek-Personel-Tedarik-Hizmeti--1024x646.png 1024w, https:\/\/parlakgroup.com.tr\/stok-sayim\/wp-content\/uploads\/2024\/04\/Magaza-Satis-Destek-Personel-Tedarik-Hizmeti--300x189.png 300w, https:\/\/parlakgroup.com.tr\/stok-sayim\/wp-content\/uploads\/2024\/04\/Magaza-Satis-Destek-Personel-Tedarik-Hizmeti--768x484.png 768w, https:\/\/parlakgroup.com.tr\/stok-sayim\/wp-content\/uploads\/2024\/04\/Magaza-Satis-Destek-Personel-Tedarik-Hizmeti-.png 1200w\" sizes=\"(max-width: 800px) 100vw, 800px\" \/>\t\t\t\t\t\t\t\t\t\t\t\t\t<\/div>\n\t\t\t\t<\/div>\n\t\t\t\t<div class=\"elementor-element elementor-element-843179f elementor-widget__width-initial elementor-absolute elementor-hidden-tablet elementor-hidden-mobile elementor-invisible elementor-widget elementor-widget-image\" data-id=\"843179f\" data-element_type=\"widget\" data-settings=\"{&quot;_position&quot;:&quot;absolute&quot;,&quot;_animation&quot;:&quot;fadeInUp&quot;}\" data-widget_type=\"image.default\">\n\t\t\t\t<div class=\"elementor-widget-container\">\n\t\t\t\t\t\t\t\t\t\t\t\t\t<img decoding=\"async\" width=\"370\" height=\"99\" src=\"https:\/\/parlakgroup.com.tr\/stok-sayim\/wp-content\/uploads\/2024\/02\/Who-we-are-1.png\" class=\"attachment-large size-large wp-image-173\" alt=\"\" srcset=\"https:\/\/parlakgroup.com.tr\/stok-sayim\/wp-content\/uploads\/2024\/02\/Who-we-are-1.png 370w, https:\/\/parlakgroup.com.tr\/stok-sayim\/wp-content\/uploads\/2024\/02\/Who-we-are-1-300x80.png 300w\" sizes=\"(max-width: 370px) 100vw, 370px\" \/>\t\t\t\t\t\t\t\t\t\t\t\t\t<\/div>\n\t\t\t\t<\/div>\n\t\t\t\t\t<\/div>\n\t\t<\/div>\n\t\t\t\t<div class=\"elementor-column elementor-col-50 elementor-top-column elementor-element elementor-element-336876d\" data-id=\"336876d\" data-element_type=\"column\">\n\t\t\t<div class=\"elementor-widget-wrap elementor-element-populated\">\n\t\t\t\t\t\t<div class=\"elementor-element elementor-element-8045866 elementor-invisible elementor-widget elementor-widget-heading\" data-id=\"8045866\" data-element_type=\"widget\" data-settings=\"{&quot;_animation&quot;:&quot;fadeInUp&quot;}\" data-widget_type=\"heading.default\">\n\t\t\t\t<div class=\"elementor-widget-container\">\n\t\t\t<h2 class=\"elementor-heading-title elementor-size-default\">Parlak Group Ailesinde Yeriniz Haz\u0131r!<\/h2>\t\t<\/div>\n\t\t\t\t<\/div>\n\t\t\t\t<div class=\"elementor-element elementor-element-f5b13e8 elementor-invisible elementor-widget elementor-widget-text-editor\" data-id=\"f5b13e8\" data-element_type=\"widget\" data-settings=\"{&quot;_animation&quot;:&quot;fadeInUp&quot;,&quot;_animation_delay&quot;:100}\" data-widget_type=\"text-editor.default\">\n\t\t\t\t<div class=\"elementor-widget-container\">\n\t\t\t<style>\/*! elementor - v3.21.0 - 08-05-2024 *\/\n.elementor-widget-text-editor.elementor-drop-cap-view-stacked .elementor-drop-cap{background-color:#69727d;color:#fff}.elementor-widget-text-editor.elementor-drop-cap-view-framed .elementor-drop-cap{color:#69727d;border:3px solid;background-color:transparent}.elementor-widget-text-editor:not(.elementor-drop-cap-view-default) .elementor-drop-cap{margin-top:8px}.elementor-widget-text-editor:not(.elementor-drop-cap-view-default) .elementor-drop-cap-letter{width:1em;height:1em}.elementor-widget-text-editor .elementor-drop-cap{float:left;text-align:center;line-height:1;font-size:50px}.elementor-widget-text-editor .elementor-drop-cap-letter{display:inline-block}<\/style>\t\t\t\t<p>Hedefimiz, T\u00fcrkiye\u2019nin \u00f6nde gelen firmalar ile i\u015f ortakl\u0131\u011f\u0131 kurarak b\u00fcy\u00fcme hedeflerine birlikte ula\u015fmakt\u0131r. T\u00fcm \u00e7al\u0131\u015fanlar\u0131m\u0131zla birlikte i\u015f orta\u011f\u0131 oldu\u011fumuz firmalar\u0131n, \u00fclkemizi d\u00fcnyada en g\u00fczel \u015fekilde temsil ederken, hizmet kalitelerini artt\u0131rmak i\u00e7in bizlere verdi\u011fi g\u00f6revleri, d\u00fc\u015f\u00fck maliyet ile kaliteli hizmet veren bir \u015firket olmakt\u0131r. Siz de\u011ferli m\u00fc\u015fterilerimize i\u015f d\u00fcnyas\u0131nda \u00e7\u0131\u011f\u0131r a\u00e7an \u00e7\u00f6z\u00fcmler sunan profesyonel bir dan\u0131\u015fmanl\u0131k ve insan kaynaklar\u0131 hizmeti firmas\u0131 olarak, ba\u015far\u0131lar\u0131n\u0131z\u0131n mimar\u0131 olmaktan gurur duyuyoruz. \u0130nsan kaynaklar\u0131 y\u00f6netimi alan\u0131nda sundu\u011fumuz \u00f6zel hizmetler ve dan\u0131\u015fmanl\u0131k ile i\u015f s\u00fcre\u00e7lerinizi optimize ediyor, \u015firket k\u00fclt\u00fcr\u00fcn\u00fcz\u00fc g\u00fc\u00e7lendiriyor ve gelece\u011fe y\u00f6nelik g\u00fcvenilir ad\u0131mlar atman\u0131za yard\u0131mc\u0131 oluyoruz.<\/p><p>Biz, i\u015f d\u00fcnyas\u0131n\u0131n h\u0131zla de\u011fi\u015fen dinamiklerine uyum sa\u011flamak, rekabet avantaj\u0131 elde etmek ve en de\u011ferli varl\u0131\u011f\u0131n\u0131z olan insan kaynaklar\u0131n\u0131z\u0131 en iyi \u015fekilde y\u00f6netmek i\u00e7in buraday\u0131z. Alan\u0131nda uzman ekibimiz, \u015feffafl\u0131k ilkesiyle hareket eder ve m\u00fc\u015fteri memnuniyetini en \u00fcst d\u00fczeye \u00e7\u0131karmak i\u00e7in elinden gelenin en iyisini yapar.<\/p><p>\u0130\u015f s\u00fcre\u00e7lerinizi optimize etmek, i\u015f g\u00fcc\u00fcn\u00fcz\u00fc g\u00fc\u00e7lendirmek ve \u015firketinizin b\u00fcy\u00fcme potansiyelini maksimize etmek i\u00e7in bizimle ileti\u015fime ge\u00e7in. Gelece\u011finizi birlikte \u015fekillendirelim!<\/p>\t\t\t\t\t\t<\/div>\n\t\t\t\t<\/div>\n\t\t\t\t\t<\/div>\n\t\t<\/div>\n\t\t\t\t\t<\/div>\n\t\t<\/section>\n\t\t\t\t<section class=\"elementor-section elementor-top-section elementor-element elementor-element-603a40dd elementor-section-boxed elementor-section-height-default elementor-section-height-default\" data-id=\"603a40dd\" data-element_type=\"section\" data-settings=\"{&quot;background_background&quot;:&quot;classic&quot;}\">\n\t\t\t\t\t\t<div class=\"elementor-container elementor-column-gap-default\">\n\t\t\t\t\t<div class=\"elementor-column elementor-col-50 elementor-top-column elementor-element elementor-element-70700082\" data-id=\"70700082\" data-element_type=\"column\">\n\t\t\t<div class=\"elementor-widget-wrap elementor-element-populated\">\n\t\t\t\t\t\t<div class=\"elementor-element elementor-element-67d68b2b elementor-invisible elementor-widget elementor-widget-heading\" data-id=\"67d68b2b\" data-element_type=\"widget\" data-settings=\"{&quot;_animation&quot;:&quot;fadeInUp&quot;}\" data-widget_type=\"heading.default\">\n\t\t\t\t<div class=\"elementor-widget-container\">\n\t\t\t<h2 class=\"elementor-heading-title elementor-size-default\">Vizyonumuz<\/h2>\t\t<\/div>\n\t\t\t\t<\/div>\n\t\t\t\t<div class=\"elementor-element elementor-element-bdd6470 elementor-invisible elementor-widget elementor-widget-text-editor\" data-id=\"bdd6470\" data-element_type=\"widget\" data-settings=\"{&quot;_animation&quot;:&quot;fadeInUp&quot;,&quot;_animation_delay&quot;:100}\" data-widget_type=\"text-editor.default\">\n\t\t\t\t<div class=\"elementor-widget-container\">\n\t\t\t\t\t\t\t<p>Vizyonumuz, T\u00fcrkiye\u2019nin \u00f6nde gelen firmalar ile i\u015f ortakl\u0131\u011f\u0131 kurarak b\u00fcy\u00fcme hedeflerine birlikte ula\u015fmakt\u0131r.<\/p>\t\t\t\t\t\t<\/div>\n\t\t\t\t<\/div>\n\t\t\t\t<div class=\"elementor-element elementor-element-51017ca elementor-invisible elementor-widget elementor-widget-heading\" data-id=\"51017ca\" data-element_type=\"widget\" data-settings=\"{&quot;_animation&quot;:&quot;fadeInUp&quot;}\" data-widget_type=\"heading.default\">\n\t\t\t\t<div class=\"elementor-widget-container\">\n\t\t\t<h2 class=\"elementor-heading-title elementor-size-default\">Misyonumuz<\/h2>\t\t<\/div>\n\t\t\t\t<\/div>\n\t\t\t\t<div class=\"elementor-element elementor-element-46ba84b elementor-invisible elementor-widget elementor-widget-text-editor\" data-id=\"46ba84b\" data-element_type=\"widget\" data-settings=\"{&quot;_animation&quot;:&quot;fadeInUp&quot;,&quot;_animation_delay&quot;:100}\" data-widget_type=\"text-editor.default\">\n\t\t\t\t<div class=\"elementor-widget-container\">\n\t\t\t\t\t\t\t<p>Misyonumuz, t\u00fcm \u00e7al\u0131\u015fanlar\u0131m\u0131zla birlikte i\u015f orta\u011f\u0131 oldu\u011fumuz firmalar\u0131n, \u00fclkemizi d\u00fcnyada en g\u00fczel \u015fekilde temsil ederken, hizmet kalitelerini artt\u0131rmak i\u00e7in bizlere verdi\u011fi g\u00f6revleri, d\u00fc\u015f\u00fck maliyet ile kaliteli hizmet veren bir \u015firket olmakt\u0131r.<\/p>\t\t\t\t\t\t<\/div>\n\t\t\t\t<\/div>\n\t\t\t\t\t<\/div>\n\t\t<\/div>\n\t\t\t\t<div class=\"elementor-column elementor-col-50 elementor-top-column elementor-element elementor-element-38f2f448\" data-id=\"38f2f448\" data-element_type=\"column\">\n\t\t\t<div class=\"elementor-widget-wrap elementor-element-populated\">\n\t\t\t\t\t\t<div class=\"elementor-element elementor-element-393382c8 elementor-widget__width-initial elementor-absolute elementor-widget-tablet__width-initial elementor-hidden-tablet elementor-hidden-mobile elementor-invisible elementor-widget elementor-widget-image\" data-id=\"393382c8\" data-element_type=\"widget\" data-settings=\"{&quot;_animation&quot;:&quot;fadeInRight&quot;,&quot;_animation_delay&quot;:&quot;300&quot;,&quot;_position&quot;:&quot;absolute&quot;}\" data-widget_type=\"image.default\">\n\t\t\t\t<div class=\"elementor-widget-container\">\n\t\t\t\t\t\t\t\t\t\t\t\t\t<img loading=\"lazy\" decoding=\"async\" width=\"62\" height=\"62\" src=\"https:\/\/parlakgroup.com.tr\/stok-sayim\/wp-content\/uploads\/2024\/02\/User-1.png\" class=\"attachment-large size-large wp-image-223\" alt=\"\" \/>\t\t\t\t\t\t\t\t\t\t\t\t\t<\/div>\n\t\t\t\t<\/div>\n\t\t\t\t<div class=\"elementor-element elementor-element-3fd4344e elementor-widget elementor-widget-image\" data-id=\"3fd4344e\" data-element_type=\"widget\" data-widget_type=\"image.default\">\n\t\t\t\t<div class=\"elementor-widget-container\">\n\t\t\t\t\t\t\t\t\t\t\t\t\t<img loading=\"lazy\" decoding=\"async\" width=\"800\" height=\"505\" src=\"https:\/\/parlakgroup.com.tr\/stok-sayim\/wp-content\/uploads\/2024\/04\/vizyon-1024x646.png\" class=\"attachment-large size-large wp-image-379\" alt=\"\" srcset=\"https:\/\/parlakgroup.com.tr\/stok-sayim\/wp-content\/uploads\/2024\/04\/vizyon-1024x646.png 1024w, https:\/\/parlakgroup.com.tr\/stok-sayim\/wp-content\/uploads\/2024\/04\/vizyon-300x189.png 300w, https:\/\/parlakgroup.com.tr\/stok-sayim\/wp-content\/uploads\/2024\/04\/vizyon-768x484.png 768w, https:\/\/parlakgroup.com.tr\/stok-sayim\/wp-content\/uploads\/2024\/04\/vizyon.png 1200w\" sizes=\"(max-width: 800px) 100vw, 800px\" \/>\t\t\t\t\t\t\t\t\t\t\t\t\t<\/div>\n\t\t\t\t<\/div>\n\t\t\t\t\t<\/div>\n\t\t<\/div>\n\t\t\t\t\t<\/div>\n\t\t<\/section>\n\t\t\t\t<\/div>\n\t\t","protected":false},"excerpt":{"rendered":"<p>Firma Profilimiz Anasayfa Hakk\u0131m\u0131zda Parlak Group Ailesinde Yeriniz Haz\u0131r! Hedefimiz, T\u00fcrkiye\u2019nin \u00f6nde gelen firmalar ile i\u015f ortakl\u0131\u011f\u0131 kurarak b\u00fcy\u00fcme hedeflerine birlikte ula\u015fmakt\u0131r. T\u00fcm \u00e7al\u0131\u015fanlar\u0131m\u0131zla birlikte i\u015f orta\u011f\u0131 oldu\u011fumuz firmalar\u0131n, \u00fclkemizi d\u00fcnyada en g\u00fczel \u015fekilde temsil ederken, hizmet kalitelerini artt\u0131rmak i\u00e7in bizlere verdi\u011fi g\u00f6revleri, d\u00fc\u015f\u00fck maliyet ile kaliteli hizmet veren bir \u015firket olmakt\u0131r. Siz de\u011ferli m\u00fc\u015fterilerimize [&hellip;]<\/p>\n","protected":false},"author":1,"featured_media":0,"parent":0,"menu_order":0,"comment_status":"closed","ping_status":"closed","template":"elementor_header_footer","meta":{"footnotes":""},"class_list":["post-45","page","type-page","status-publish","hentry"],"_links":{"self":[{"href":"https:\/\/parlakgroup.com.tr\/stok-sayim\/wp-json\/wp\/v2\/pages\/45","targetHints":{"allow":["GET"]}}],"collection":[{"href":"https:\/\/parlakgroup.com.tr\/stok-sayim\/wp-json\/wp\/v2\/pages"}],"about":[{"href":"https:\/\/parlakgroup.com.tr\/stok-sayim\/wp-json\/wp\/v2\/types\/page"}],"author":[{"embeddable":true,"href":"https:\/\/parlakgroup.com.tr\/stok-sayim\/wp-json\/wp\/v2\/users\/1"}],"replies":[{"embeddable":true,"href":"https:\/\/parlakgroup.com.tr\/stok-sayim\/wp-json\/wp\/v2\/comments?post=45"}],"version-history":[{"count":37,"href":"https:\/\/parlakgroup.com.tr\/stok-sayim\/wp-json\/wp\/v2\/pages\/45\/revisions"}],"predecessor-version":[{"id":489,"href":"https:\/\/parlakgroup.com.tr\/stok-sayim\/wp-json\/wp\/v2\/pages\/45\/revisions\/489"}],"wp:attachment":[{"href":"https:\/\/parlakgroup.com.tr\/stok-sayim\/wp-json\/wp\/v2\/media?parent=45"}],"curies":[{"name":"wp","href":"https:\/\/api.w.org\/{rel}","templated":true}]}}